{"id":722,"date":"2023-10-13T17:20:51","date_gmt":"2023-10-13T15:20:51","guid":{"rendered":"http:\/\/hishima-conduite.fr\/?page_id=722"},"modified":"2023-10-13T17:20:51","modified_gmt":"2023-10-13T15:20:51","slug":"conduite-supervisee","status":"publish","type":"page","link":"https:\/\/hishima-conduite.fr\/?page_id=722","title":{"rendered":"Conduite supervis\u00e9e"},"content":{"rendered":"\n<p>La conduite supervis\u00e9e permet au candidat \u00e2g\u00e9 de 18 ans au minimum, inscrit dans une \u00e9cole de conduite, de compl\u00e9ter sa formation initiale par une phase de conduite \u00absupervis\u00e9e\u00bb par un accompagnateur, afin de passer l\u2019\u00e9preuve pratique dans des conditions plus sereines. En effet, la conduite supervis\u00e9e permet d\u2019acqu\u00e9rir plus d\u2019exp\u00e9rience et plus de confiance apr\u00e8s un \u00e9chec au permis ou avant de passer l\u2019\u00e9preuve pour la premi\u00e8re fois.<\/p>\n\n\n\n<p>QU&rsquo;EST CE QUE LA CONDUITE SUPERVIS\u00c9E ?<\/p>\n\n\n\n<p>La conduite supervis\u00e9e est une conduite en dehors de l\u2019auto-\u00e9cole avec un accompagnateur.&nbsp;<\/p>\n\n\n\n<p>QUELLES SONT LES CONDITIONS D&rsquo;ACC\u00c8S ?<\/p>\n\n\n\n<p>Pour acc\u00e9der \u00e0 la conduite supervis\u00e9e il faut :<\/p>\n\n\n\n<ul>\n<li>avoir 18 ans ou plus<\/li>\n\n\n\n<li>avoir r\u00e9ussi l\u2019examen du code et suivi la formation initiale (20h de conduite minimum)<\/li>\n\n\n\n<li>avoir l\u2019accord de son enseignant de la conduite<\/li>\n\n\n\n<li>avoir l\u2019accord de l\u2019assureur du v\u00e9hicule<\/li>\n<\/ul>\n\n\n\n<p><br>QUELS AVANTAGES ?<\/p>\n\n\n\n<p>La conduite supervis\u00e9e a de nombreux avantages :<\/p>\n\n\n\n<ul>\n<li>Acqu\u00e9rir une exp\u00e9rience de conduite.<\/li>\n\n\n\n<li>Gagner en confiance pour le passage pratique de l\u2019examen, mais aussi en tant que futur conducteur.<\/li>\n\n\n\n<li>Aisance au volant<\/li>\n\n\n\n<li>conduire dans de nombreuses situations notamment la nuit<\/li>\n\n\n\n<li><strong>Augmenter ses chances de r\u00e9ussite<\/strong>&nbsp;lors du passage de l\u2019\u00e9preuve du permis.&nbsp;<\/li>\n<\/ul>\n\n\n\n<p><br>POUR ACC\u00c9DER \u00c0 LA CONDUITE SUP\u00c9RVIS\u00c9E<\/p>\n\n\n\n<p>Avant de commencer la conduite supervis\u00e9e, l\u2019\u00e9l\u00e8ve doit suivre une formation initiale qui comprend :<\/p>\n\n\n\n<ul>\n<li>une formation th\u00e9orique sur les enjeux de la s\u00e9curit\u00e9 routi\u00e8re permettant de pr\u00e9parer l\u2019\u00e9preuve th\u00e9orique g\u00e9n\u00e9rale (code de la route)<\/li>\n\n\n\n<li>une formation pratique (cours de conduite) dont la dur\u00e9e ne peut \u00eatre inf\u00e9rieure \u00e0 20 heures.<\/li>\n\n\n\n<li>une \u00e9valuation pr\u00e9alable obligatoire avant de commencer la formation.<\/li>\n<\/ul>\n\n\n\n<p>L\u2019\u00e9l\u00e8ve conducteur doit notamment savoir :<\/p>\n\n\n\n<ul>\n<li>ma\u00eetriser le v\u00e9hicule \u00e0 allure lente ou mod\u00e9r\u00e9e, le trafic \u00e9tant faible ou nul&nbsp;;<\/li>\n\n\n\n<li>choisir sa position sur la chauss\u00e9e, franchir une intersection ou changer de direction&nbsp;;<\/li>\n\n\n\n<li>circuler dans des conditions normales sur route et en agglom\u00e9ration&nbsp;;<\/li>\n\n\n\n<li>conna\u00eetre les situations pr\u00e9sentant des difficult\u00e9s particuli\u00e8res.<\/li>\n<\/ul>\n\n\n\n<p>QUI PEUT \u00caTRE ACCOMPAGNATEUR ?<\/p>\n\n\n\n<p>Pour \u00eatre accompagnateur, il faut :<\/p>\n\n\n\n<ul>\n<li>\u00eatre titulaire du permis B depuis au moins cinq ans sans interruption.<\/li>\n\n\n\n<li>avoir obtenu l\u2019accord de son assureur.<\/li>\n\n\n\n<li>ne pas avoir \u00e9t\u00e9 condamn\u00e9 pour certains d\u00e9lits (homicides et blessures involontaires, conduite sous l\u2019emprise d\u2019\u00e9tat alcoolique, d\u00e9lit de fuite\u2026).<\/li>\n\n\n\n<li>participer \u00e0 l\u2019\u00e9valuation de la derni\u00e8re \u00e9tape de la formation initiale de l\u2019apprenti conducteur.<\/li>\n<\/ul>\n\n\n\n<p>Il est possible, pour l\u2019\u00e9l\u00e8ve, d\u2019avoir plusieurs accompagnateurs, y compris hors du cadre familial.<\/p>\n\n\n\n<p>LE D\u00c9ROULEMENT DE LA PHASE DE CONDUITE SUPERVIS\u00c9E<\/p>\n\n\n\n<p>Une fois l\u2019examen du code obtenu, et lorsque le niveau de conduite est jug\u00e9 satisfaisant par l\u2019enseignant de la conduite, celui-ci d\u00e9livre \u00e0 l\u2019\u00e9l\u00e8ve une attestation de fin de formation initiale (AFFI). Elle prouve que l\u2019\u00e9l\u00e8ve a atteint le niveau n\u00e9cessaire et indispensable pour commencer la conduite avec un accompagnateur.<\/p>\n\n\n\n<p>L\u2019\u00e9l\u00e8ve conducteur doit alors parcours un maximum de kilom\u00e8tres sans conditions de dur\u00e9e pour pouvoir atteindre un bon niveau de conduite.<\/p>\n\n\n\n<p>Il doit participer \u00e0 :<\/p>\n\n\n\n<ul>\n<li>un rendez-vous p\u00e9dagogique pour statuer de son niveau de conduite avant la pr\u00e9sentation \u00e0 l\u2019examen du permis.<\/li>\n<\/ul>\n\n\n\n<p>PASSAGE DE L&rsquo;\u00c9PREUVE PRATIQUE DU PERMIS<\/p>\n\n\n\n<p>L\u2019\u00e9l\u00e8ve en conduite supervis\u00e9e peut \u00eatre pr\u00e9sent\u00e9 \u00e0 l\u2019\u00e9preuve pratique du permis de conduire, d\u00e8s lors que son formateur aura constat\u00e9 que toutes les comp\u00e9tences requises sont maitris\u00e9es.<\/p>\n\n\n\n<p>NB: la conduite supervis\u00e9e ne r\u00e9duit pas la dur\u00e9e du permis probatoire.<\/p>\n","protected":false},"excerpt":{"rendered":"La conduite supervis\u00e9e permet au candidat \u00e2g\u00e9 de 18 ans au minimum, inscrit dans une \u00e9cole de conduite, de compl\u00e9ter sa formation initiale par une phase de conduite \u00absupervis\u00e9e\u00bb par un accompagnateur, afin de passer l\u2019\u00e9preuve pratique dans des conditions plus sereines. En effet, la <a href=\"https:\/\/hishima-conduite.fr\/?page_id=722\" title=\"Conduite supervis\u00e9e\">[Voir plus]<\/a>\n","protected":false},"author":4,"featured_media":0,"parent":0,"menu_order":0,"comment_status":"closed","ping_status":"closed","template":"","meta":{"footnotes":""},"_links":{"self":[{"href":"https:\/\/hishima-conduite.fr\/index.php?rest_route=\/wp\/v2\/pages\/722"}],"collection":[{"href":"https:\/\/hishima-conduite.fr\/index.php?rest_route=\/wp\/v2\/pages"}],"about":[{"href":"https:\/\/hishima-conduite.fr\/index.php?rest_route=\/wp\/v2\/types\/page"}],"author":[{"embeddable":true,"href":"https:\/\/hishima-conduite.fr\/index.php?rest_route=\/wp\/v2\/users\/4"}],"replies":[{"embeddable":true,"href":"https:\/\/hishima-conduite.fr\/index.php?rest_route=%2Fwp%2Fv2%2Fcomments&post=722"}],"version-history":[{"count":3,"href":"https:\/\/hishima-conduite.fr\/index.php?rest_route=\/wp\/v2\/pages\/722\/revisions"}],"predecessor-version":[{"id":735,"href":"https:\/\/hishima-conduite.fr\/index.php?rest_route=\/wp\/v2\/pages\/722\/revisions\/735"}],"wp:attachment":[{"href":"https:\/\/hishima-conduite.fr\/index.php?rest_route=%2Fwp%2Fv2%2Fmedia&parent=722"}],"curies":[{"name":"wp","href":"https:\/\/api.w.org\/{rel}","templated":true}]}}