{"id":693,"date":"2023-10-13T08:29:57","date_gmt":"2023-10-13T06:29:57","guid":{"rendered":"https:\/\/hishima-conduite.fr\/?page_id=693"},"modified":"2023-10-19T16:18:12","modified_gmt":"2023-10-19T14:18:12","slug":"permis-moto-am","status":"publish","type":"page","link":"https:\/\/hishima-conduite.fr\/?page_id=693","title":{"rendered":"PERMIS AM"},"content":{"rendered":"\n<p><strong>Le permis AM<\/strong>&nbsp;permet la conduite des cyclomoteurs de cylindr\u00e9e inf\u00e9rieure ou \u00e9gale \u00e0 50 cm<sup>3<\/sup>&nbsp;et dont la vitesse est limit\u00e9e par construction \u00e0 45 km\/h. Il s\u2019adresse aux personnes n\u00e9es \u00e0 partir du 1er janvier 1988. Ce permis peut \u00eatre d\u00e9livr\u00e9 \u00e0 partir de 14 ans \u00e0 l\u2019issue d\u2019une formation sp\u00e9cifique de 8 heures en auto \u00e9cole.<\/p>\n\n\n\n<p><br><strong>QU&rsquo;EST CE QUE LE PERMIS AM<\/strong><\/p>\n\n\n\n<p>La cat\u00e9gorie AM permet de conduire d\u00e8s 14 ans des cyclomoteurs (motocyclettes de moins de 50 cm3) et des voiturettes (quadricycles l\u00e9gers). Elle est d\u00e9livr\u00e9e \u00e0 l\u2019issue d\u2019une formation d\u2019une dur\u00e9e minimale de 8 heures. Cette cat\u00e9gorie est la seule exclue du r\u00e9gime de permis \u00e0 points.<\/p>\n\n\n\n<p>QUELLES SONT LES CONDITIONS D&rsquo;INSCRIPTION ?<\/p>\n\n\n\n<p>Pour pouvoir s\u2019inscrire \u00e0 la formation du brevet de s\u00e9curit\u00e9 routi\u00e8re (BSR), qui correspond au permis AM, il faut \u00eatre d\u00e9tenteur de L\u2019ASSR 1 , l\u2019ASSR 2 ou l\u2019ASR. Pour les mineurs, une autorisation des parents ou du tuteur est obligatoire.<\/p>\n\n\n\n<p><br><strong>D\u00c9ROULEMENT DE LA FORMATION<\/strong><\/p>\n\n\n\n<p>La formation au brevet de s\u00e9curit\u00e9 routi\u00e8re est d\u2019une dur\u00e9e minimale de 8 heures, dispens\u00e9e sur deux jours au moins.<\/p>\n\n\n\n<p>La formation se d\u00e9coupe par :<\/p>\n\n\n\n<ul>\n<li>une s\u00e9quence dont l\u2019objectif est d\u2019\u00e9changer avec les \u00e9l\u00e8ves sur la s\u00e9curit\u00e9 routi\u00e8re (les comportements, les risques, leurs limites, etc.)<\/li>\n\n\n\n<li>deux s\u00e9quences qui sont consacr\u00e9es \u00e0 la formation \u00e0 la conduite hors circulation et \u00e0 la formation \u00e0 la conduite en circulation et une autre s\u00e9quence est d\u00e9di\u00e9e \u00e0 l\u2019acquisition\/r\u00e9vision de connaissances de base du code de la route ;<\/li>\n\n\n\n<li>une derni\u00e8re s\u00e9quence traite traite de la sensibilisation aux risques routiers, en pr\u00e9sence de l\u2019un au moins des parents ou du repr\u00e9sentant l\u00e9gal de l\u2019\u00e9l\u00e8ve mineur.<\/li>\n<\/ul>\n\n\n\n<p><br><strong>\u00c9QUIPEMENT<\/strong><\/p>\n\n\n\n<p>Durant la formation, il est obligatoire de porter, en plus du casque et des gants, des v\u00eatements et chaussures adapt\u00e9s \u00e0 la conduite d\u2019un deux-roues motoris\u00e9.<\/p>\n\n\n\n<p><br><strong>OBTENIR LE PERMIS AM<\/strong><\/p>\n\n\n\n<p>\u00c0 l\u2019issue de la formation, l\u2019\u00e9l\u00e8ve se voit remettre une attestation par le responsable de l\u2019\u00e9cole de conduite.<\/p>\n\n\n\n<p>Cette attestation autorise son titulaire \u00e0 conduire, sur le territoire national, les cyclomoteurs ou les quadricycles l\u00e9gers \u00e0 moteur (voiturettes) pendant une dur\u00e9e de quatre mois \u00e0 compter de sa d\u00e9livrance.<\/p>\n\n\n\n<p>Pendant ce d\u00e9lai, le d\u00e9tenteur de l\u2019attestation devra faire sa demande du permis de la cat\u00e9gorie AM, pour pouvoir continuer \u00e0 conduire les v\u00e9hicules pr\u00e9cit\u00e9s.<\/p>\n","protected":false},"excerpt":{"rendered":"Le permis AM&nbsp;permet la conduite des cyclomoteurs de cylindr\u00e9e inf\u00e9rieure ou \u00e9gale \u00e0 50 cm3&nbsp;et dont la vitesse est limit\u00e9e par construction \u00e0 45 km\/h. Il s\u2019adresse aux personnes n\u00e9es \u00e0 partir du 1er janvier 1988. Ce permis peut \u00eatre d\u00e9livr\u00e9 \u00e0 partir de 14 <a href=\"https:\/\/hishima-conduite.fr\/?page_id=693\" title=\"PERMIS AM\">[Voir plus]<\/a>\n","protected":false},"author":4,"featured_media":0,"parent":0,"menu_order":0,"comment_status":"closed","ping_status":"closed","template":"","meta":{"footnotes":""},"_links":{"self":[{"href":"https:\/\/hishima-conduite.fr\/index.php?rest_route=\/wp\/v2\/pages\/693"}],"collection":[{"href":"https:\/\/hishima-conduite.fr\/index.php?rest_route=\/wp\/v2\/pages"}],"about":[{"href":"https:\/\/hishima-conduite.fr\/index.php?rest_route=\/wp\/v2\/types\/page"}],"author":[{"embeddable":true,"href":"https:\/\/hishima-conduite.fr\/index.php?rest_route=\/wp\/v2\/users\/4"}],"replies":[{"embeddable":true,"href":"https:\/\/hishima-conduite.fr\/index.php?rest_route=%2Fwp%2Fv2%2Fcomments&post=693"}],"version-history":[{"count":3,"href":"https:\/\/hishima-conduite.fr\/index.php?rest_route=\/wp\/v2\/pages\/693\/revisions"}],"predecessor-version":[{"id":761,"href":"https:\/\/hishima-conduite.fr\/index.php?rest_route=\/wp\/v2\/pages\/693\/revisions\/761"}],"wp:attachment":[{"href":"https:\/\/hishima-conduite.fr\/index.php?rest_route=%2Fwp%2Fv2%2Fmedia&parent=693"}],"curies":[{"name":"wp","href":"https:\/\/api.w.org\/{rel}","templated":true}]}}