{"id":690,"date":"2023-10-13T08:30:06","date_gmt":"2023-10-13T06:30:06","guid":{"rendered":"https:\/\/hishima-conduite.fr\/?page_id=690"},"modified":"2023-10-19T16:17:13","modified_gmt":"2023-10-19T14:17:13","slug":"permis-moto-a1","status":"publish","type":"page","link":"https:\/\/hishima-conduite.fr\/?page_id=690","title":{"rendered":"PERMIS A1"},"content":{"rendered":"\n<p>L\u2019obtention du permis A1 est soumise notamment \u00e0 des conditions d\u2019\u00e2ge, de formation et de r\u00e9ussite \u00e0 un examen compos\u00e9 d\u2019une \u00e9preuve th\u00e9orique g\u00e9n\u00e9rale moto (le code moto) et d\u2019\u00e9preuves pratiques.<\/p>\n\n\n\n<p><br><strong>LE PERMIS A1, POUR QUI ?<\/strong><\/p>\n\n\n\n<p>Le permis A1 s\u2019adresse aux personnes de 16 ans ou plus, souhaitant conduire une motocyclette dont la cylindr\u00e9e n\u2019exc\u00e8de pas 125 cm3. La puissance ne peut exc\u00e9der 11 kW et le rapport puissance\/poids inf\u00e9rieur \u00e0 0,1 kW par kilogramme.<\/p>\n\n\n\n<p><strong><br>QUELLES SONT LES CONDITIONS D&rsquo;ACC\u00c8S ?<\/strong><\/p>\n\n\n\n<p>Le candidat doit :<\/p>\n\n\n\n<ul>\n<li>\u00eatre \u00e2g\u00e9 d\u2019au moins 16 ans ;<\/li>\n\n\n\n<li>avoir r\u00e9ussi l\u2019\u00e9preuve th\u00e9orique moto (code moto) ;<\/li>\n\n\n\n<li>justifier d\u2019un minimum de 20 heures de le\u00e7ons, dont 8 sur piste et 12 sur route pour \u00eatre autoris\u00e9 \u00e0 passer l\u2019examen du permis A1.<\/li>\n<\/ul>\n\n\n\n<p><strong>D\u00c9ROULEMENT DE LA FORMATION<\/strong><\/p>\n\n\n\n<p>La formation se compose :<\/p>\n\n\n\n<ul>\n<li><strong>d\u2019une partie th\u00e9orique<\/strong>&nbsp;pour apprendre et comprendre le code de la route et la conduite d\u2019un deux roues motoris\u00e9<\/li>\n\n\n\n<li><strong>d\u2019une partie pratique<\/strong>&nbsp;de 20 heures de conduite minimum dont 8 heures hors circulation (plateau) et 12 heures en circulation.<\/li>\n<\/ul>\n\n\n\n<p><br><strong>D\u00c9ROULEMENT DE L&rsquo;EXAMEN<\/strong><\/p>\n\n\n\n<p>L\u2019\u00e9preuve pratique de la conduite permet de contr\u00f4ler si les connaissances, les aptitudes et le comportement des candidats leur permettent de circuler en toute s\u00e9curit\u00e9. L\u2019expert \u00e9value notamment l\u2019autonomie et la conscience du risque du candidat et cherche \u00e0 \u00e9valuer sa capacit\u00e9 d\u2019adaptation aux situations et sa conduite autonome. Cette \u00e9preuve se d\u00e9roule en deux partie :<\/p>\n\n\n\n<ul>\n<li>L\u2019\u00e9preuve hors circulation dite du \u00ab&nbsp;plateau&nbsp;\u00bb comporte un parcours unique de 6 man\u0153uvres qui s\u2019encha\u00eenent : d\u00e9placer la moto sans l\u2019aide, d\u00e9placer la moto \u00e0 allure r\u00e9duite sans passager, effectuer un freinage d\u2019urgence, d\u00e9placer la moto \u00e0 allure r\u00e9duite avec passager, effectuer un slalom, effectuer un \u00e9vitement.<\/li>\n\n\n\n<li>L\u2019\u00e9preuve en circulation qui n\u2019est accessible qu\u2019apr\u00e8s r\u00e9ussite du plateau est d\u2019une dur\u00e9e de 40 minutes et explore huit domaines de comp\u00e9tence : utiliser les commandes, prendre l\u2019information, analyser et d\u00e9cider, communiquer, diriger son v\u00e9hicule, adapter son allure, utiliser la chauss\u00e9e et maintenir les espaces de s\u00e9curit\u00e9.<\/li>\n<\/ul>\n\n\n\n<p>Lors de cette \u00e9preuve sera \u00e9valu\u00e9e le positionnement du motard sur sa voie de circulation, notamment lors de la prise de virage et sera v\u00e9rifi\u00e9 que la technique de la trajectoire de s\u00e9curit\u00e9 est ma\u00eetris\u00e9e.<\/p>\n\n\n\n<p>Pour obtenir un r\u00e9sultat favorable, il faut avoir 21 points sur 27 et ne pas commettre d\u2019erreur \u00e9liminatoire.<\/p>\n\n\n\n<p>Une fois les deux \u00e9preuves valid\u00e9es, l\u2019expert d\u00e9livre un certificat d\u2019examen du permis de conduire qui permet \u00e0 son d\u00e9tenteur de circuler durant 4 mois en attendant la fabrication de son permis A1.<\/p>\n\n\n\n<figure class=\"wp-block-image size-large\"><img loading=\"lazy\" decoding=\"async\" width=\"1024\" height=\"546\" src=\"http:\/\/hishima-conduite.fr\/wp-content\/uploads\/2018\/07\/moto-1024x546.jpg\" alt=\"\" class=\"wp-image-220\" srcset=\"https:\/\/hishima-conduite.fr\/wp-content\/uploads\/2018\/07\/moto-1024x546.jpg 1024w, https:\/\/hishima-conduite.fr\/wp-content\/uploads\/2018\/07\/moto-300x160.jpg 300w, https:\/\/hishima-conduite.fr\/wp-content\/uploads\/2018\/07\/moto-768x409.jpg 768w, https:\/\/hishima-conduite.fr\/wp-content\/uploads\/2018\/07\/moto.jpg 1030w\" sizes=\"(max-width: 1024px) 100vw, 1024px\" \/><\/figure>\n","protected":false},"excerpt":{"rendered":"L\u2019obtention du permis A1 est soumise notamment \u00e0 des conditions d\u2019\u00e2ge, de formation et de r\u00e9ussite \u00e0 un examen compos\u00e9 d\u2019une \u00e9preuve th\u00e9orique g\u00e9n\u00e9rale moto (le code moto) et d\u2019\u00e9preuves pratiques. LE PERMIS A1, POUR QUI ? Le permis A1 s\u2019adresse aux personnes de 16 <a href=\"https:\/\/hishima-conduite.fr\/?page_id=690\" title=\"PERMIS A1\">[Voir plus]<\/a>\n","protected":false},"author":4,"featured_media":0,"parent":0,"menu_order":0,"comment_status":"closed","ping_status":"closed","template":"","meta":{"footnotes":""},"_links":{"self":[{"href":"https:\/\/hishima-conduite.fr\/index.php?rest_route=\/wp\/v2\/pages\/690"}],"collection":[{"href":"https:\/\/hishima-conduite.fr\/index.php?rest_route=\/wp\/v2\/pages"}],"about":[{"href":"https:\/\/hishima-conduite.fr\/index.php?rest_route=\/wp\/v2\/types\/page"}],"author":[{"embeddable":true,"href":"https:\/\/hishima-conduite.fr\/index.php?rest_route=\/wp\/v2\/users\/4"}],"replies":[{"embeddable":true,"href":"https:\/\/hishima-conduite.fr\/index.php?rest_route=%2Fwp%2Fv2%2Fcomments&post=690"}],"version-history":[{"count":5,"href":"https:\/\/hishima-conduite.fr\/index.php?rest_route=\/wp\/v2\/pages\/690\/revisions"}],"predecessor-version":[{"id":758,"href":"https:\/\/hishima-conduite.fr\/index.php?rest_route=\/wp\/v2\/pages\/690\/revisions\/758"}],"wp:attachment":[{"href":"https:\/\/hishima-conduite.fr\/index.php?rest_route=%2Fwp%2Fv2%2Fmedia&parent=690"}],"curies":[{"name":"wp","href":"https:\/\/api.w.org\/{rel}","templated":true}]}}